10 + 1). What is the greatest common divisor of b and 1924?
148
Let r = 228 - 111. Let i be 21568/13 - (-2)/(-26). Let q = i + -1646. Calculate the greatest common factor of r and q.
13
Let c(j) = -8*j - 112. Let f be c(-19). What is the greatest common divisor of 55 and f?
5
Suppose 2*w + g - 722 - 151 = 0, -g - 447 = -w. Calculate the highest common divisor of 568 and w.
8
Let u(y) = 2*y**3 - 8*y**2 + 55*y - 59. Let b be u(7). Calculate the highest common divisor of 93 and b.
31
Let g(l) = l**3 - 11*l**2 + 7. Let h be g(11). Suppose 2*m + 13 = h. Let v be (-15)/2*((m - 4) + 3). Calculate the highest common divisor of v and 15.
15
Suppose 4*g + 2*b - 312 = 7*b, -2*g - 5*b = -156. Calculate the highest common divisor of 3471 and g.
39
Suppose -14*m = 2*d - 10*m + 2, 5*d = 3*m + 47. What is the greatest common factor of d and 5446?
7
Let n = -50 - -42. Let b = n - -11. Suppose -4 = -b*y + 17. What is the greatest common factor of 7 and y?
7
Let k(g) = 13*g**3 - g**2 - 9*g + 6. Let p be k(5). Let a = p + -1001. Suppose q = -3*q - 20, -2*q = -5*i + a. Calculate the highest common factor of 22 and i.
22
Suppose -2*u = -5*w + 839, -4*u + u + 829 = 5*w. Suppose -6*i + 2*i + 4*f = -236, -3*i = 2*f - w. Calculate the highest common divisor of 19 and i.
19
Suppose -124*x + 552 = -112*x. Suppose 119 = -29*p + x*p. What is the greatest common factor of p and 147?
7
Let w be ((-54)/(-63))/(2/42). Suppose 13*y - w*y + 90 = 0. Calculate the highest common factor of 414 and y.
18
Suppose 0 = 79*y - 2103 + 523. What is the greatest common factor of 30 and y?
10
Let i(h) = 2*h**3 - 8*h**2 - 7*h + 27. Let l be i(6). Suppose y = -p + 43, -4*y + 120 + 52 = -3*p. What is the highest common factor of y and l?
43
Suppose -16*u + 20*u = 0, 5*t - 3*u = 1800. Calculate the greatest common divisor of 80 and t.
40
Let d = -21290 + 21481. What is the greatest common divisor of d and 24448?
191
Suppose 0*c + 248 = -w - 3*c, 2*w + 504 = 2*c. Let g = w - -431. Calculate the highest common divisor of g and 72.
36
Suppose -3*y - 77 = -4*m + 2*y, -2*y = -4*m + 62. Let q be (2/6)/(m/585). Calculate the greatest common divisor of q and 255.
15
Suppose 0 = 251*v - 503*v + 240*v + 240. Calculate the highest common divisor of 1810 and v.
10
Let p = -3526 - -3681. What is the greatest common factor of 496 and p?
31
Let c(k) = -39*k + 416. Let y be c(-4). Calculate the greatest common factor of y and 156.
52
Suppose 0 = 6*s - 323 - 469. Suppose 3*x = -3*c + s, 0 = -3*x + c - 3*c + 130. Calculate the highest common divisor of x and 56.
14
Let f be (-222)/(-4) + 1/2. Let b = -188 + 202. Suppose 0 = -2*w + x + b, 5*w + 9*x - 35 = 7*x. What is the highest common factor of w and f?
7
Let u = -1262 - -2522. What is the greatest common divisor of u and 144?
36
Suppose 8*b - 1557 = -285. Suppose 5*u - 813 = -4*g, -2*u + u + g + b = 0. What is the greatest common divisor of 207 and u?
23
Let u be 212 + (8/(-10))/(3/30) + 1. Calculate the greatest common factor of 185 and u.
5
Suppose -19*a + 612 - 907 + 3886 = 0. Calculate the highest common factor of a and 1827.
63
Suppose -6*q + 12*q = 18. Suppose -q*c = -5*m + 43, -4*c - 2*m = m + 9. Let n be 156/10 - c/15. Calculate the greatest common divisor of n and 8.
8
Let q(u) = 41*u + 1234. Let z be q(-28). Calculate the highest common factor of z and 16.
2
Let n be (-266739)/(-132) + (-6)/(-16)*-2. Calculate the highest common divisor of 40 and n.
20
Let a be ((-82641)/(-338))/(-1 + (-6)/(-4)). Calculate the highest common divisor of 815 and a.
163
Let x(j) = 2*j + 9. Suppose 13 = -7*c - 22. Let a be x(c). Let n(v) = -8*v**3 - v**2 - v + 1. Let f be n(a). Calculate the greatest common factor of f and 9.
9
Suppose 8*w - 472 = 296. Suppose w = -122*i + 128*i. Let c be 78/10 + (-1)/(-5). What is the greatest common factor of c and i?
8
Let t = 2100 - 2052. Calculate the highest common factor of 7632 and t.
48
Let n(x) = 7*x + 4. Let w be n(-1). Let p be (7 + -3)*(2 + w). Let f be -52*(3/p)/(-3)*-1. What is the highest common factor of 13 and f?
13
Suppose 4*v + 2376 = -7*v. Let d be v/(-22) - 3 - (-14)/77. What is the greatest common divisor of d and 329?
7
Let y be (-3)/(-4) - 6/8. Suppose y = 2*d + 17*d - 361. Let u = 38 + d. What is the greatest common factor of 76 and u?
19
Suppose 2*u = -2*u + 4336. Suppose 46*p = 13*p + 198. Suppose -334 = p*c - u. What is the greatest common factor of c and 50?
25
Suppose 22*a - 18352 = -6*a - 3*a. Calculate the highest common factor of 28 and a.
4
Let y(x) = -2*x**2 + 68*x + 1134. Let k be y(46). Let n = -89 - -194. Calculate the highest common factor of n and k.
15
Suppose -d - 4*n + 30 = 4*d, 2*d = -5*n + 29. Let x be -1 + 18 - (-6)/d. Let l be (-1632)/(-80) + (-2)/5. What is the highest common divisor of l and x?
20
Suppose -4*n + 23 = 15. Let j(t) = n*t + 4*t - 19 - 6. Let f be j(17). What is the highest common divisor of f and 11?
11
Suppose 6*m - 137 - 1639 = 0. Let l = -171 + m. Let j be (10/3 - 2)*(-375)/(-10). Calculate the greatest common divisor of j and l.
25
Let a = 57 + -26. Let y(d) = -103*d + 32. Let n(f) = -154*f + 48. Let s(h) = -5*n(h) + 8*y(h). Let j be s(-2). What is the greatest common factor of a and j?
31
Suppose -4*y = -363 - 89. Let i = 140 - y. Calculate the greatest common factor of 144 and i.
9
Let r(q) = 177*q**2 - 136*q - 524. Let v be r(-4). What is the greatest common factor of 460 and v?
92
Suppose -5*t = 3*w + 8 + 161, 0 = -4*t - w - 131. Let a be 6 + (-3 - t/8). Calculate the highest common divisor of a and 8.
1
Suppose 59205 = 19*u + 31*u - 11845. Calculate the greatest common factor of 49 and u.
49
Let w = 18850 + -18641. Let d = 0 + 2. Suppose 0 = 4*s + z - 71, -13 = -4*s + d*s - 5*z. What is the greatest common factor of s and w?
19
Let n(f) = f + 24. Let w be n(-20). Suppose -w = -2*k, -4*k = s + 3*s - 68. Suppose 67 = 4*g + s. What is the highest common divisor of g and 91?
13
Let a = 3 + -14. Let s = a + 14. Let y be (-1)/(-3)*s*(-2 - -8). What is the greatest common divisor of 48 and y?
6
Let a be 8 + (-2 - 4) + 21. Let o be 26 - 2 - (-1 + 2). What is the greatest common divisor of a and o?
23
Let i(f) = 43*f - 25. Let p be i(-3). Let w = -153 - p. Calculate the greatest common factor of 8 and w.
1
Let q be 56/(-8) + (3311/(-33))/(2/(-6)). What is the greatest common divisor of 546 and q?
42
Let u be (2/6)/((-1)/(-6)). Let m = 48 - u. Let n = m + -36. Calculate the greatest common divisor of 5 and n.
5
Suppose 1765*q - 1743*q - 440 = 0. Let h be 2/(-2 - (-33)/15). Calculate the highest common factor of q and h.
10
Suppose 13*o - 7*o + 1320 = 17*o. What is the highest common divisor of o and 330?
30
Suppose 182 = 5*g - 38. Suppose -398 = -g*x + 86. Let f be (22/(-8))/(2/(-16)). What is the highest common factor of f and x?
11
Suppose -14*i = -4*i - 6410. Suppose 5 = w, 0 = -3*q + 5*w + i + 759. What is the highest common factor of q and 38?
19
Suppose -5*v - 17 = -52. Suppose 9*m - v = 3*b + 5*m, -m = 2*b + 1. Let j be b*(-5 - (-3 + 37)). What is the greatest common factor of 39 and j?
39
Let u be (2 - (-1 - -1))/1. Let g be 0*5/(-15) + 130. Suppose -9*s = -14*s + g. Calculate the greatest common factor of u and s.
2
Let b = -8303 - -8491. Calculate the greatest common divisor of b and 76.
4
Suppose x - 5*z = 10170, 32*z - 31*z - 50928 = -5*x. What is the greatest common divisor of x and 105?
105
Let i(n) = -382*n**3 - 5*n**2 + n. Let r be i(-1). What is the greatest common divisor of r and 8?
8
Let o(l) = -l**3 + 18 - l - 24 - 10*l**2 + 0*l + 0*l**3. Let r be o(-10). Let s be -25*(130/(-25) + r). Calculate the greatest common factor of 75 and s.
15
Suppose -10 + 0 = -4*l - 3*b, 9 = 5*l + 2*b. Let f be ((-51)/9)/(l*5/(-15)). What is the greatest common divisor of f and 51?
17
Let g = -20 + -23. Let w = -1 - g. Calculate the greatest common divisor of w and 42.
42
Let b = -13 - -20. Suppose b*a - 488 = 324. What is the greatest common divisor of 87 and a?
29
Let p = -2450 - -2478. Calculate the highest common divisor of p and 2044.
28
Let n = 3526 - 3412. Calculate the greatest common divisor of 646 and n.
38
Let c be (2 + -4)/((-4)/(-123)*15/(-10)). What is the greatest common divisor of c and 5658?
41
Let b(c) = -25*c**2 - 3599*c + 182. Let p be b(-144). What is